**2 + 7*y + 4. Let s be t(6). Let i = 18 - s. What is the remainder when i is divided by (-140)/(-44) + (-2)/11?
2
Let b be (-54)/(-12)*(-4)/(-6). Let g(n) = n - 2. What is the remainder when ((-10)/b)/((-6)/9) is divided by g(4)?
1
Suppose -2*i - 22 = -2*x, 0 = -5*x - 0*i + i + 71. Let u = x - 8. Suppose l - 9 = -2*l. Calculate the remainder when u is divided by l.
1
Let c = -10 + 35. Calculate the remainder when c is divided by 7.
4
Let x(p) = p + 1 - 4 - 1. Calculate the remainder when x(6) is divided by 2 + (2 - 9/3).
0
Calculate the remainder when 1152/63 - 2/7 is divided by 7.
4
Suppose 3*k - 7*k = 0. Suppose k = -0*m - m + 24. Suppose -4*u - 33 = -v, 0 = -2*v + 4*u + 46. What is the remainder when m is divided by v?
11
Suppose 30 = -2*t + 3*t. Suppose 4*h + 1 + 23 = 2*v, 2*v = -2*h + t. Calculate the remainder when 41 is divided by v.
13
Let v be (-2)/4*-1*14. Suppose 4*j - v = 1. Let z(p) = p**3 - 10*p**2 - 12*p + 13. What is the remainder when j is divided by z(11)?
0
Suppose 2*y + 5*l - 52 = 0, 3*l - 78 = -3*y - 2*l. What is the remainder when y is divided by -1*(0 + -2 - 7)?
8
Let z = 9 + -5. Suppose -3*q - 9 = -z*q. What is the remainder when (-1 + -1)*(-17)/2 is divided by q?
8
Let t = -64 + 92. Calculate the remainder when t is divided by 16.
12
Let y = -2 - -2. Suppose -4*r + 20 = -y*r. Calculate the remainder when r is divided by (1/(-3))/((-1)/9).
2
Let q = -10 + 13. Suppose -q = -4*x + 3*k, -2*k = -x - k. Calculate the remainder when 3 is divided by x.
0
Suppose 3*t + 5*m = -1, 4*t = -4*m + 3*m + 10. Let v = 17 - t. What is the remainder when v is divided by 9?
5
Suppose 0*o = 3*o - 39. What is the remainder when o is divided by 4?
1
Suppose -5*o + 0*n + 36 = -3*n, 0 = -o + 3*n + 12. Calculate the remainder when 11 is divided by (-22)/(-4) - o/4.
3
Suppose 5*u = -2*r + 19 + 15, 25 = 2*u - 3*r. Calculate the remainder when 12 - (1 + -2 - -1) is divided by u.
4
Suppose -b = -1 - 4, 0 = -j - 2*b + 22. What is the remainder when 35 is divided by j?
11
Let l(i) = -i**2 + 4*i - 3. Let x be l(2). Let t = -38 + 39. Calculate the remainder when (-33)/(-15) - x/5 is divided by t.
0
Suppose -5*z = -2*s - 6, 2*s - 3 = z + 3*s. Suppose -f - 2*o + o = -3, -2*f + 4*o - 6 = z. What is the remainder when 2 is divided by f?
0
Let r(j) = 12*j - 1. Calculate the remainder when 23*(2 - 1) + -3 is divided by r(1).
9
Let m = -3 + 5. Let x(h) = 2 + m - 4*h - 1. Calculate the remainder when x(-3) is divided by 8.
7
Let i(s) = -12*s + 4. Suppose -4*g = g + 5*k + 5, 5 = -5*g + 3*k. What is the remainder when i(-3) is divided by (0 - 2*7)*g?
12
Suppose -219 = 2*n - 5*n + 2*v, -n + 87 = 4*v. Calculate the remainder when n is divided by 16.
11
Let a(w) = 46*w**3 + w**2 - 2*w + 1. Calculate the remainder when a(1) is divided by 16.
14
Suppose -15 = -s + 5. Let y = 32 + -57. Let j = 14 - y. What is the remainder when j is divided by s?
19
Let d(b) = -2*b**3 - 2*b**2 + 3*b + 2. Let k be d(-2). Suppose p - 75 = -k*p - 5*t, -5*p + 75 = 2*t. What is the remainder when 18 is divided by (2/3)/(1/p)?
8
Let u be (-2)/(-3) + (-2)/3. Suppose -2*x + 89 = 2*l - 5, l - 4 = u. Calculate the remainder when x is divided by 22.
21
Let q(z) = z**3 + 4*z**2 - 3*z - 6. Let u(j) = j**2 + 4*j - 3. What is the remainder when u(2) is divided by q(-4)?
3
Suppose 164 = 4*g - p, -g + 26*p = 29*p - 28. Suppose 5*h + 76 = -69. Let c = h - -50. What is the remainder when g is divided by c?
19
Suppose 0 = 3*i - m - 58, -4*m = 3*i - 43 - 25. Let n(c) = c**2 + 7*c + 3. What is the remainder when i is divided by n(-8)?
9
Suppose -2*u + 2*x = 4*x - 6, -2*x = -4*u. Suppose 21 = 5*z + u. What is the remainder when z is divided by 2?
0
Let n = 2 - 1. Suppose -k + 5*p - 16 = -2*k, 0 = -5*p + 15. Calculate the remainder when k is divided by n.
0
Suppose 0 = 14*a - 16*a + 12. Suppose -3*k + 5*b = -56, -4*k - b + 94 = 2*b. Calculate the remainder when k is divided by a.
4
Let v(o) = o**3 - 3*o**2 + o - 3. Let t be v(3). Let k(w) = -w - 2. Let l be k(t). What is the remainder when (-102)/(-4) - 1/l is divided by 9?
8
Let c(i) = 4*i**2 + 30*i - 20. What is the remainder when c(-10) is divided by 17?
12
Let r(c) = -12*c - 3. Suppose 0 = 2*f - 5*l + 3*l + 6, 0 = -l - 2. Calculate the remainder when r(f) is divided by 20.
17
Let i(w) = 2*w**2 + 6*w + 2. Suppose -s = 2 + 4. What is the remainder when i(s) is divided by 13?
12
Let o(w) = -14*w**3 + 18*w**2 + 12*w. Let x(c) = -5*c**3 + 6*c**2 + 4*c. Let k(n) = 6*o(n) - 17*x(n). Calculate the remainder when 12 is divided by k(-5).
2
Let b(z) = -z**3 - 4*z**2 + 7*z - 2. Let m(k) = -k**3 - 4*k**2 + 6*k - 2. Let r(l) = 2*b(l) - 3*m(l). What is the remainder when r(2) is divided by 10?
8
Let p be 2/6 - (-17)/3. Let n = 9 - p. Suppose -n*s + s = -20. What is the remainder when s is divided by 4?
2
Suppose 3*v = 3*h + 1 - 577, 3*h - v = 566. Suppose 43 + h = 5*r. What is the remainder when r is divided by 16?
14
Suppose 4*b + 36 = 2*i, -5*b + 46 = i + 3*i. What is the remainder when i is divided by 5?
4
Suppose 3*g - 4*r = 181, -28*r + 33*r = -g + 54. Let p = -22 - -37. Calculate the remainder when g is divided by p.
14
Let a be ((-5)/5)/((-2)/4). Suppose -a*k = k - 54. Calculate the remainder when k is divided by 10.
8
What is the remainder when ((-6)/4)/((-13)/234) is divided by 10?
7
Let a(o) = 32*o**2 - o - 3. Calculate the remainder when a(-2) is divided by 16.
15
Let t be 36 - (3 - 0/1). Let h = t - 4. Calculate the remainder when 56 is divided by h.
27
Let b(q) = q**2 - 9*q + 3. Let f be b(8). Let a(v) = v + 7. Calculate the remainder when a(f) is divided by 1.
0
Suppose 4 = -2*q + q. Calculate the remainder when (50/q)/((-4)/8) is divided by 13.
12
Suppose 0 = -3*f - 6, -4*f = 3*b - f + 3. What is the remainder when 2 is divided by b?
0
Suppose -5*n + 9 = -2*n. Suppose -11 = n*b - 32. Calculate the remainder when 19 is divided by b.
5
Let m = 12 - 7. Suppose 1 = 2*f - m. Suppose 0 = 2*b + 2*b + 20, 0 = 5*l + 3*b - 10. What is the remainder when l is divided by f?
2
Let u(l) = -l**3 + 7*l**2 - 6*l - 3. What is the remainder when 56 is divided by u(3)?
11
Let o be 1*54*18/(-12). Calculate the remainder when (-5 - 0)*o/5 is divided by 21.
18
Let l(b) = -b**3 + 6*b**2 + 9*b - 6. Let t be l(7). Let g = t - 4. What is the remainder when g is divided by 2?
0
Suppose -2*m - 5*y = -104, -2*y = -5*m - 5*y + 298. Suppose 5*c - 18 = m. What is the remainder when (58/10)/((-9)/(-45)) is divided by c?
13
Suppose 2*r + 3*r + 145 = 0. Let l = r - -56. Calculate the remainder when l is divided by 14.
13
Let d = -1 - -3. Suppose -v = d*o - 16, o - 40 = -3*v - o. Calculate the remainder when 23 is divided by v.
11
Suppose 2*u + 7 = m, 0 = -4*u + 3*m + 3 - 22. Suppose -4*d + 4*b + 52 = 0, 2*d - 32 = 3*b - 4*b. Calculate the remainder when d is divided by (1 - (-2)/u) + 10.
6
Suppose 41 + 5 = 2*o + 2*g, -o = 3*g - 29. What is the remainder when 57 is divided by o?
17
Suppose 0 = -n + 65 - 14. Calculate the remainder when n is divided by 13.
12
Let u(f) = -f**3 + 6*f**2 + 4*f + 4. Let z = 3 - -3. What is the remainder when u(z) is divided by 15?
13
Let z(i) = -4*i - 7. Calculate the remainder when z(-3) is divided by 2.
1
Let b(v) = v**3 - 4*v**2 + 4*v - 2. Let m be b(3). Suppose 0 = -3*k - x + 5, -x - 3 = m. What is the remainder when 7 is divided by k?
1
Let i = 0 + 7. What is the remainder when 25 is divided by i?
4
What is the remainder when 119/68*(1 + -2)*-12 is divided by 12?
9
Suppose r = -1, -2*f - 5*r + 3*r = -52. What is the remainder when f is divided by 10?
7
Let d(n) = n + 38. What is the remainder when d(-22) is divided by 9?
7
Let w = 90 + -41. Suppose -2*i + 3*y - 17 = 0, 4*y + 16 = -3*i - 18. Let m = i + w. Calculate the remainder when m is divided by 10.
9
Let l = 4 - 7. Let i be 25 + (-2)/(-1) + l. Suppose -8*m + 4*m = -i. Calculate the remainder when 17 is divided by m.
5
Let n(q) = q**2 + 3*q - 1. Let a be n(-3). Suppose 24 - 6 = -2*o. What is the remainder when 35 is divided by (-18)/(-12)*(a - o)?
11
Suppose -3*u + 15 = 3*s, 6*u - 2*u = 4*s + 12. What is the remainder when 18 is divided by u?
2
Suppose -x + 3*h = -2*h - 15, 4*x + h = 123. Calculate the remainder when x is divided by 12.
6
Let x(r) be the third derivative of r**5/30 + r**4/4 - r**3/